 -18 + 18. Suppose d = -2*g - 4*j + 1290, -3*g + 1939 = -0*j + 4*j. Is g prime?
False
Suppose 485 = 6*y - 5*y. Is y a composite number?
True
Suppose -1582 = -12*j + 10*j. Is j prime?
False
Let i = 3 - 1. Suppose 0 = i*v + 197 - 641. Suppose -m + v = -1. Is m composite?
False
Suppose q - 48 = k, -q + 189 = 3*q - k. Let m = 8 + q. Is m prime?
False
Let y = 23 - 36. Let a = y + 5. Let x(b) = 2*b**2 + 6*b + 9. Is x(a) a composite number?
False
Suppose -21277 = -5*r + 4*x, 4*r = -6*x + 2*x + 17000. Is r composite?
False
Let v be 2/8 + 38/8. Let r = -3 + v. Is r prime?
True
Suppose -80 = -4*x - x - 3*q, -3*q = -x + 34. Let n = 98 - x. Is n a prime number?
True
Let q = -3 + 2. Let g be (-20)/(q - (-12)/15). Let f = g - 45. Is f a prime number?
False
Suppose x + 1140 = -l + 4*l, 2*l - 2*x = 764. Is l a prime number?
True
Let f be (-3)/(-9)*0/(-5). Suppose f = 3*o - 2*o - 94. Is o prime?
False
Is (-12 - -284) + -4 + 1 a prime number?
True
Let q = 2135 - 967. Suppose 7*o = 2*j + 3*o - q, 2*j - o - 1162 = 0. Suppose 0 = 3*b - 215 - j. Is b a composite number?
True
Suppose 0 = -4*x + 4, 5*k + 4*x = 5*x - 31. Is (-2)/(-1) + 73 + k composite?
True
Let q(v) = 10*v + 9*v**2 - 6*v**3 + 4*v**3 + 4 + v**3. Let j be q(10). Suppose -84 = -j*a - 28. Is a a composite number?
True
Suppose 0 = 3*x + 3 + 6. Let n = x - -18. Is n prime?
False
Let g(l) = 11*l**2. Let b be g(-1). Let w(r) = -6 - 12*r**2 + 9 + 15*r + 8 - 2 + r**3. Is w(b) composite?
False
Suppose 2*s - 1 - 3 = 0. Suppose -4*c = l - 22, 2*l + 6*c - s*c - 24 = 0. Suppose -101 = -3*u - l*m, -6*m + 2*m + 17 = u. Is u a composite number?
False
Let h(c) be the third derivative of c**4/24 - 7*c**3/6 + 2*c**2. Is h(9) a composite number?
False
Suppose 0 = -d - 2*d + 30. Is d composite?
True
Let p = -135 - -336. Is p composite?
True
Suppose 3*z + 4*p - 228 - 419 = 0, -z + 229 = -2*p. Let i = -92 + z. Let q = i + -2. Is q composite?
False
Suppose 2*p - p = -9. Is 10 + p + 293 + -1 a composite number?
False
Let y(c) be the first derivative of -4*c + 17/2*c**2 + 1. Is y(3) a composite number?
False
Let p(r) = 18*r**3 - 2*r**2 + r - 2. Let v be p(2). Suppose 0*y + v = 4*y. Is y prime?
False
Suppose -5*n = -i - 10, n + 2*n - 2*i = -1. Suppose -n*o - o = -268. Is o prime?
True
Is (-517)/(-5) + 22/(-55) composite?
False
Suppose 4*z - s = -7, -2*z + 15 = -7*z - 5*s. Let v(m) = 1 - 3 - 5*m + 1 - 2. Is v(z) a prime number?
True
Let f = 15 + 60. Suppose -3*p + 3*s - f = -6*p, 4*p + 3*s = 96. Is p a composite number?
True
Let m(p) = 145*p**2 + 1. Is m(1) a composite number?
True
Let t(q) = q**2 - 8*q + 8. Let z be t(8). Let v(y) = 2*y**2 - 4. Let g be v(z). Is g/(6/3) - 3 a composite number?
False
Suppose 1358 = 5*z - 147. Is z a composite number?
True
Let z = 20 - 23. Let i(y) = y**2 + 2*y + 3. Is i(z) prime?
False
Suppose 3 + 3 = g. Let v(n) = n**2 - 3*n - 5. Is v(g) composite?
False
Suppose 264 = -4*j + 8*j. Suppose -7*p = -3*p - 2*v + j, 2*p = -v - 35. Let a = 24 + p. Is a prime?
True
Suppose -b - 2576 = -2*n - 0*b, 5*n - 2*b = 6439. Suppose -2*m - 5*o + n = 459, m - 411 = -4*o. Is m prime?
True
Let c be 2 - 3/(6/(-4)). Is (-12)/(-18)*222/c prime?
True
Let t be ((2 - 3) + 0)*0. Suppose t + 2 = l. Suppose -4*z - 103 = -4*c - c, 0 = l*c + 4*z - 58. Is c a prime number?
True
Suppose f + 168 = 4*f. Suppose 579 + f = 5*l. Is l prime?
True
Let m = -259 + 1068. Is m a composite number?
False
Suppose -1 = -2*t + 1. Let v be 4 + ((-2)/(-1))/t. Suppose v*u = u + 125. Is u a composite number?
True
Let c be (-33)/(-27) - 2/9. Suppose -c = 3*t - 7. Is t composite?
False
Suppose 0 = -5*q + 4*w + 569, 5*w + 168 - 50 = q. Is q prime?
True
Let p = -1530 + 2585. Is p composite?
True
Let l be 4104/(-42) + 2/(-7). Let w = l + 193. Is w composite?
True
Let s be 3/(-4) + (-78)/(-8). Let k = s + 1. Is k a prime number?
False
Suppose 8*o - 695 = 3*o. Is o a composite number?
False
Let w = 20 - 16. Is 6/w*8/3 composite?
True
Let a(t) = 2*t - 2. Suppose 3*l - l - 6 = 0. Let m be a(l). Suppose z - 5*w = 0, z + m*w = 5*z - 32. Is z a composite number?
True
Suppose 2*x = -2*f + 1046, 2*x - 1032 = -0*f + 5*f. Is x composite?
False
Let j = -8 + 12. Let m(z) = -3*z**2 + 0*z**2 + 4*z + j*z**2. Is m(-7) prime?
False
Is 9/15 + 2 + (-622)/(-5) a composite number?
False
Let v(j) = -2*j - 4. Let f be v(-3). Suppose f*o = -4*r + 882, -2*r - 2*o + 7*o = -447. Is r a prime number?
False
Suppose 0 = 2*w - w - 4. Suppose -2*n + 1482 = 4*i, w*i - 5*n - 1488 = -n. Is i composite?
True
Suppose -d + 0*d - 1120 = 3*r, -20 = 5*r. Is 1/(-4 - d/276) composite?
True
Let d be (-11)/4 + (-4)/16. Is 46 - d/((-9)/(-3)) a composite number?
False
Suppose -5*b - b + 5862 = 0. Is b a composite number?
False
Is -2*3/(-36) - 8022/(-36) a composite number?
False
Let q(g) = -10*g - 7. Suppose -3*y - 18 = 4*t + 12, -4*t + 4*y = 44. Is q(t) a prime number?
True
Let z = 4 + 58. Suppose 0 = -7*l + 2*l - 195. Let k = l + z. Is k composite?
False
Let o(q) = -3*q - 1. Let k be o(-3). Suppose 4*h + k = 4*s, s = -h + 3*h + 6. Is -13*1/s*2 composite?
False
Let g(j) = 2*j**2 - j + 3. Is g(4) prime?
True
Let w(p) = -258*p**3 - 2*p**2 - 2*p - 1. Is w(-1) composite?
False
Let v(o) = -8*o**2 - 8*o - 5. Let j = 4 + -2. Let p(r) = 4*r**2 + 4*r + 3. Let l(y) = j*v(y) + 5*p(y). Is l(8) composite?
False
Let k(d) = -417*d - 2. Is k(-1) a prime number?
False
Let i = -8 + 5. Is (-2 - i)/((-2)/(-22)) prime?
True
Let f(s) = -4*s**3 - 1. Let d be f(-1). Let a = 7 + -3. Suppose a*p + p = 4*h + 71, 4*p = d*h + 56. Is p prime?
True
Suppose 0 = -5*g + 4*i - 8*i + 8, 0 = -3*g - 4*i. Let y = g + -2. Suppose -5*v = u + y*u - 674, 2*v - 671 = -3*u. Is u prime?
True
Suppose -2*q - 335 = 5*d - 944, -4*d = -5*q - 507. Let r = d + -64. Is r prime?
True
Suppose 0 = 3*l - 0*l + 12. Let s = l - 0. Is (-3)/(-6) + (-218)/s prime?
False
Is (-3 - (-1300)/8)*2 composite?
True
Let q(h) = h**2 - 10*h + 12. Let n be q(10). Is 1278/14 - n/42 prime?
False
Suppose 3*o - 4*o + 9531 = 4*n, 2*n = 2*o - 19052. Is o composite?
True
Let b = -4 - -7. Suppose 4*u + 2*p = 0, -5*u - 4*p + 3 = -0. Let z = b - u. Is z a composite number?
True
Let w = 358 + -201. Suppose -2*s = 4*a - 78 - 232, s - w = -a. Let t = s - 94. Is t prime?
False
Let a(j) be the second derivative of -j**5/20 + 3*j**4/4 - 11*j**3/6 - 2*j**2 + j. Let i be a(8). Let b = i + 49. Is b a composite number?
True
Suppose -30 - 10 = -5*b. Suppose 0 = -k + b + 2. Is k a composite number?
True
Let g(f) = 7*f**2 + 9*f + 3. Is g(-8) a prime number?
True
Let m(o) = -o + 2. Let x be m(-4). Suppose 3*d - x*d = 0. Suppose 0 = -2*y + 5*y + 4*c - 151, d = -2*y + c + 119. Is y a composite number?
True
Let x = 4 + 133. Let m = 289 - x. Let g = m - 63. Is g a composite number?
False
Let s = 1398 - -1. Is s prime?
True
Let s(p) be the second derivative of 5*p**4/12 + 5*p**3/6 - p**2 + 8*p. Is s(3) composite?
True
Let i be 1 + -964*(-3)/6. Suppose 9*j = 6*j + i. Is j composite?
True
Suppose -3*y = 3*j - 4*y - 15, -4*j + 33 = 3*y. Let l(v) = -v**2 + 6*v. Let i be l(j). Suppose -19 = -i*u - u. Is u a prime number?
True
Is 5 + (2353 - (-2)/2) composite?
True
Let k = -2 + 4. Suppose -5*t + 0*r + 1109 = 2*r, k*r + 1121 = 5*t. Is t a prime number?
True
Let b be (-1)/(10/(-8) + 1). Suppose -16 = -5*g - 2*i, -b*g + 7 = 5*i + 1. Is 138/4 - 2/g a prime number?
False
Let o = -6 + 11. Suppose -o*d + 4*t + 900 = 0, 3*t - 567 = 3*d - 6*d. Is d/6 + (-2)/(-6) composite?
False
Suppose -2*r + 5*r = 0. Suppose -f + r*f = -251. Is f a composite number?
False
Let d be (808/(-12))/((-4)/6). Suppose -3*j + k = -j - d, 0 = j + 2*k - 53. Suppose -14 = -q + o, 0 = 3*q - 4*o + 14 - j. Is q a composite number?
False
Suppose -11*q + 4*p + 139 = -10*q, 0 = -3*q - 3*p + 342. Is q composite?
True
Suppose -3*k + 497 = 119. Suppose -689 = -5*u + k. Is u composite?
False
Let p(z) = 3*z**2 + 2*z - 1. Let t be p(1). Suppose 3*a - 6*a + t*h = 20, 3*a - 15 = -3*h. Suppose 0 = -a*m - m + 91. Is m a prime number?
False
Suppose 324 - 979 = -5*f. Is f composite?
False
Let i = 87 - 52. Is i a prime number?
False
Let a be (-15)/(-4) - 9/(-36). Let r = a + -1. Is r a composite number?
False
Let l = -415 + 2886. Is l a composite number?
True
Let k = 1387 + 2332. Is k prime?
True
Let j = 802 + -553. Let a = -94 + j. Suppose 0*s + a = 5*s. I